7, 13, 41, 83, 137
List the prime factors of 143417503.
2203, 65101
What are the prime factors of 12968070?
2, 3, 5, 19, 22751
What are the prime factors of 712530901?
712530901
List the prime factors of 1058686215.
3, 5, 41, 1721441
List the prime factors of 818328002.
2, 6257, 65393
List the prime factors of 905393747.
3251, 278497
What are the prime factors of 205562230?
2, 5, 20556223
List the prime factors of 88987254.
2, 3, 29, 137, 3733
What are the prime factors of 2739645013?
7, 17, 107, 215161
What are the prime factors of 349699711?
73, 163, 29389
What are the prime factors of 566962942?
2, 7, 13, 53, 1109
List the prime factors of 46324069.
11, 4211279
List the prime factors of 548367053.
13, 42182081
List the prime factors of 174383367.
3, 523, 111143
What are the prime factors of 3294776230?
2, 5, 329477623
What are the prime factors of 550729347?
3, 7, 67, 509, 769
What are the prime factors of 1177861191?
3, 13, 59, 511891
What are the prime factors of 35393928?
2, 3, 443, 3329
List the prime factors of 4668288132.
2, 3, 293, 593, 2239
What are the prime factors of 142309304?
2, 149, 277, 431
List the prime factors of 3440658464.
2, 107520577
What are the prime factors of 1854457156?
2, 23, 20157143
List the prime factors of 47312451.
3, 19, 92227
List the prime factors of 10506505.
5, 811, 2591
List the prime factors of 99391412.
2, 509, 48817
What are the prime factors of 3456841915?
5, 691368383
List the prime factors of 796599013.
7, 103, 1104853
List the prime factors of 124792549.
7, 23, 157, 4937
List the prime factors of 282494060.
2, 5, 197, 71699
List the prime factors of 20658932.
2, 7, 737819
What are the prime factors of 331580859?
3, 110526953
What are the prime factors of 45927730?
2, 5, 37, 101, 1229
List the prime factors of 24071917.
19, 1266943
List the prime factors of 317068160.
2, 5, 491, 1009
List the prime factors of 667688614.
2, 19, 251, 70003
What are the prime factors of 2680691403?
3, 13, 37, 659, 2819
What are the prime factors of 238498353?
3, 41, 443, 1459
What are the prime factors of 354129480?
2, 3, 5, 311, 3163
List the prime factors of 41182640.
2, 5, 514783
List the prime factors of 3165176911.
13, 31, 7854037
List the prime factors of 1292857922.
2, 17, 23, 37, 44683
What are the prime factors of 253747052?
2, 13, 19, 79, 3251
What are the prime factors of 104626010?
2, 5, 37, 282773
List the prime factors of 150737284.
2, 37684321
List the prime factors of 2058736821.
3, 4057, 169151
What are the prime factors of 2427352875?
3, 5, 379, 5693
What are the prime factors of 1706206444?
2, 2137, 199603
List the prime factors of 2966123010.
2, 3, 5, 23, 4298729
What are the prime factors of 666503458?
2, 333251729
What are the prime factors of 283106703?
3, 11, 8578991
What are the prime factors of 600944377?
11, 54631307
What are the prime factors of 260164148?
2, 65041037
List the prime factors of 3934881943.
3934881943
What are the prime factors of 72100656?
2, 3, 500699
What are the prime factors of 6326360?
2, 5, 109, 1451
List the prime factors of 13934765.
5, 13, 214381
List the prime factors of 162583881.
3, 59, 641, 1433
What are the prime factors of 8505512087?
8505512087
List the prime factors of 113065290.
2, 3, 5, 13, 41, 2357
What are the prime factors of 117330744?
2, 3, 1481, 3301
List the prime factors of 2459448468.
2, 3, 41, 43, 12917
List the prime factors of 52234775.
5, 2089391
List the prime factors of 9080040.
2, 3, 5, 17, 4451
List the prime factors of 821094287.
13, 63161099
List the prime factors of 1403417047.
1403417047
What are the prime factors of 93380343?
3, 7, 4446683
List the prime factors of 265402445.
5, 7, 11, 689357
What are the prime factors of 33533906?
2, 7, 2395279
What are the prime factors of 345022473?
3, 89, 1292219
What are the prime factors of 6159298?
2, 3079649
What are the prime factors of 194642183?
194642183
What are the prime factors of 1044502922?
2, 19, 263, 104513
List the prime factors of 1382213391.
3, 13, 35441369
What are the prime factors of 69004837?
11, 6273167
What are the prime factors of 122422992?
2, 3, 2550479
What are the prime factors of 3709554756?
2, 3, 19, 1621, 10037
What are the prime factors of 3193726980?
2, 3, 5, 41, 61, 21283
What are the prime factors of 1068106769?
1068106769
What are the prime factors of 4521141524?
2, 1130285381
List the prime factors of 2293838819.
71, 32307589
List the prime factors of 1877625506.
2, 61, 151, 227, 449
What are the prime factors of 52937541?
3, 17, 345997
What are the prime factors of 8348478?
2, 3, 1391413
What are the prime factors of 2783714?
2, 163, 8539
What are the prime factors of 2823861250?
2, 5, 7, 322727
What are the prime factors of 8113950591?
3, 1499, 1804303
List the prime factors of 1577288890.
2, 5, 59, 919, 2909
List the prime factors of 2061303958.
2, 7, 17, 19, 599, 761
List the prime factors of 10977055.
5, 2195411
What are the prime factors of 68235989?
7673, 8893
List the prime factors of 126283147.
6317, 19991
List the prime factors of 961823560.
2, 5, 24045589
What are the prime factors of 5632012070?
2, 5, 23, 647, 37847
List the prime factors of 244133747.
11, 13, 43, 39703
What are the prime factors of 101845000?
2, 5, 20369
List the prime factors of 1157406054.
2, 3, 7, 27557287
What are the prime factors of 567148597?
567148597
List the prime factors of 5982307.
5982307
List the prime factors of 15299785.
5, 67, 109, 419
What are the prime factors of 38239570?
2, 5, 23, 166259
List the prime factors of 3299130051.
3, 7, 23, 6830497
What are the prime factors of 1976830313?
1976830313
What are the prime factors of 1353357?
3, 150373
List the prime factors of 3834332479.
3834332479
What are the prime factors of 3651489937?
937, 3897001
What are the prime factors of 130047378?
2, 3, 37, 585799
What are the prime factors of 2118524654?
2, 109, 1367, 7109
What are the prime factors of 197281413?
3, 7, 17, 97, 211
List the prime factors of 554091305.
5, 89, 1245149
What are the prime factors of 10596799?
10596799
What are the prime factors of 63085545?
3, 5, 461, 3041
What are the prime factors of 28132482?
2, 3, 7, 317, 2113
What are the prime factors of 208992514?
2, 19, 31, 59, 97
List the prime factors of 94537059.
3, 223, 141311
What are the prime factors of 3590162309?
19, 188955911
List the prime factors of 1162366859.
241, 4823099
What are the prime factors of 469050359?
19, 4241, 5821
List the prime factors of 70873878.
2, 3, 877, 13469
List the prime factors of 321333544.
2, 7, 337, 17027
List the prime factors of 709290194.
2, 354645097
List the prime factors of 100473475.
5, 109, 36871
What are the prime factors of 208915511?
7, 29845073
What are the prime factors of 63093478?
2, 7, 1877
What are the prime factors of 76170702?
2, 3, 41, 309637
List the prime factors of 1178192254.
2, 79, 131, 56923
What are the prime factors of 46512559?
251, 185309
List the prime factors of 46917375.
3, 5, 125113
List the prime factors of 855575119.
7, 122225017
What are the prime factors of 176698391?
17, 263, 39521
What are the prime factors of 708249701?
3671, 192931
List the prime factors of 1440096994.
2, 7, 102864071
What are the prime factors of 8164121?
7, 751, 1553
List the prime factors of 14321634.
2, 3, 2386939
List the prime factors of 181212824.
2, 13, 47, 131, 283
What are the prime factors of 3035130367?
3035130367
List the prime factors of 1006463760.
2, 3, 5, 599, 7001
What are the prime factors of 41111976?
2, 3, 283, 6053
What are the prime factors of 39454502?
2, 1439, 13709
List the prime factors of 1116762.
2, 3, 373, 499
List the prime factors of 1521797857.
17, 757, 118253
What are the prime factors of 10200034?
2, 13, 17, 47, 491
List the prime factors of 34679459.
5297, 6547
List the prime factors of 2798756524.
2, 699689131
What are the prime factors of 792771059?
6229, 127271
List the prime factors of 247081811.
31, 271, 29411
What are the prime factors of 626530727?
47, 167, 79823
List the prime factors of 2870817979.
23, 199, 627227
What are the prime factors of 161972407?
12253, 13219
What are the prime factors of 71725541?
71725541
List the prime factors of 3069967306.
2, 7, 4475171
What are the prime factors of 1853620